{"id":8530,"date":"2016-07-28T17:03:47","date_gmt":"2016-07-28T17:03:47","guid":{"rendered":"http:\/\/nicaragua-travel-guide.com\/site\/?page_id=8530"},"modified":"2016-11-17T21:07:42","modified_gmt":"2016-11-17T21:07:42","slug":"granada-hotel-los-patios-acerca-de-nosotros","status":"publish","type":"page","link":"https:\/\/nicaragua-travel-guide.com\/site\/granada-hotel-los-patios-acerca-de-nosotros\/","title":{"rendered":"Granada Hotel \u00abLos Patios\u00bb Acerca de Nosotros"},"content":{"rendered":"<table style=\"width: 1052px;\" border=\"0\">\n<tbody>\n<tr style=\"height: 17.7361px;\">\n<td style=\"width: 297.764px; height: 725.736px;\" rowspan=\"6\" valign=\"top\" bgcolor=\"#99FFFF\">\n<table style=\"width: 247.427px;\" border=\"0\">\n<tbody>\n<tr>\n<td style=\"width: 240.427px;\" bgcolor=\"#99FFFF\">\u00a0<img loading=\"lazy\" decoding=\"async\" class=\"alignnone size-full wp-image-14092\" src=\"http:\/\/nicaragua-travel-guide.com\/site\/wp-content\/uploads\/2016\/07\/hotelospatioslogo.png\" alt=\"hotelospatioslogo\" width=\"181\" height=\"134\" \/><\/td>\n<\/tr>\n<tr>\n<td style=\"width: 240.427px;\" bgcolor=\"#99FFFF\"><a href=\"http:\/\/nicaragua-travel-guide.com\/site\/granada-hotel-los-patios\/\"><strong>Bienvenidos<\/strong><\/a><\/td>\n<\/tr>\n<tr>\n<td style=\"width: 240.427px;\" bgcolor=\"#99FFFF\">*Nuestra Misi\u00f3n<\/td>\n<\/tr>\n<tr>\n<td style=\"width: 240.427px;\" bgcolor=\"#99FFFF\">*<a href=\"http:\/\/nicaragua-travel-guide.com\/site\/granada-hotel-los-patios-interior-de-habitaciones-y-tarifas\/\"><strong>Precio de las Habitaciones<\/strong><\/a><\/td>\n<\/tr>\n<tr>\n<td style=\"width: 240.427px;\" bgcolor=\"#FF0000\"><strong>Acerca de Nosotros<\/strong><\/td>\n<\/tr>\n<tr>\n<td style=\"width: 240.427px; background-color: #d8ebe7;\" bgcolor=\"#FFFFFF\">*Compromiso Social<\/td>\n<\/tr>\n<tr>\n<td style=\"width: 240.427px; background-color: #d6d0d0;\" bgcolor=\"#99FFFF\"><a href=\"http:\/\/nicaragua-travel-guide.com\/site\/granada-hotel-los-patios-diseno-interior-decorado-y-tarifa-de-habitaciones\/\"><strong>El Dise\u00f1o<\/strong><\/a><\/td>\n<\/tr>\n<tr>\n<td style=\"width: 240.427px; background-color: #d6d0d0;\" bgcolor=\"#99FFFF\">*Concepto de Dise\u00f1o<\/td>\n<\/tr>\n<tr>\n<td style=\"width: 240.427px; background-color: #d6d0d0;\" bgcolor=\"#99FFFF\">*El Interior<\/td>\n<\/tr>\n<tr>\n<td style=\"width: 240.427px; background-color: #d6d0d0;\" bgcolor=\"#99FFFF\">*Exteriores<\/td>\n<\/tr>\n<tr>\n<td style=\"width: 240.427px; background-color: #d6d0d0;\" bgcolor=\"#99FFFF\">*Tarifas<\/td>\n<\/tr>\n<tr>\n<td style=\"width: 240.427px;\" bgcolor=\"#99FFFF\"><strong><a href=\"http:\/\/nicaragua-travel-guide.com\/site\/granada-hotel-los-patios-interior-de-habitaciones-y-tarifas\/\">Interior -Habitaciones<\/a><\/strong><\/td>\n<\/tr>\n<tr>\n<td style=\"width: 240.427px;\" bgcolor=\"#99FFFF\"><a href=\"http:\/\/nicaragua-travel-guide.com\/site\/granada-hotel-los-patios-servicios\/\"><strong>Servicios<\/strong><\/a><\/td>\n<\/tr>\n<tr>\n<td style=\"width: 240.427px;\" bgcolor=\"#99FFFF\">*\u00c1rea de spa<\/td>\n<\/tr>\n<tr>\n<td style=\"width: 240.427px;\" bgcolor=\"#99FFFF\">Galer\u00eda<\/td>\n<\/tr>\n<tr>\n<td style=\"width: 240.427px;\" bgcolor=\"#99FFFF\"><strong>Cont\u00e1ctenos<\/strong><\/td>\n<\/tr>\n<tr>\n<td style=\"width: 240.427px;\" bgcolor=\"#99FFFF\"><\/td>\n<\/tr>\n<tr>\n<td style=\"width: 240.427px;\" bgcolor=\"#99FFFF\"><\/td>\n<\/tr>\n<\/tbody>\n<\/table>\n<\/td>\n<td style=\"width: 747.236px; height: 17.7361px;\" bgcolor=\"#FFFFFF\">\n<table style=\"height: 172px; width: 790px;\">\n<tbody>\n<tr>\n<td style=\"width: 364.938px;\" colspan=\"2\"><img loading=\"lazy\" decoding=\"async\" class=\"alignnone wp-image-14090\" src=\"http:\/\/nicaragua-travel-guide.com\/site\/wp-content\/uploads\/2016\/07\/hotelospatiosfrente.png\" alt=\"hotelospatiosfrente\" width=\"787\" height=\"526\" \/><\/td>\n<\/tr>\n<\/tbody>\n<\/table>\n<\/td>\n<\/tr>\n<tr style=\"height: 27px;\">\n<td style=\"width: 747.236px; height: 27px;\" bgcolor=\"#FF0000\"><strong>Acerca de Nosotros<\/strong><\/td>\n<\/tr>\n<tr style=\"height: 326px;\">\n<td style=\"width: 747.236px; height: 326px;\" valign=\"top\" bgcolor=\"#0000FF\">\n<table border=\"0\" width=\"792\">\n<tbody>\n<tr>\n<td rowspan=\"2\" valign=\"top\" width=\"450\" height=\"320\">Los due\u00f1os daneses, Erik e Ingeborg, se enamoraron de este terreno y lo compraron en Noviembre del a\u00f1o 2007, un poco antes de trasladarse a Granada. La quietud de sus alrededores los alejaba de los recuerdos de los ajetreos de otras ciudades y les inspir\u00f3 a construir un hotel boutique privado.La pareja se involucro directamente en la construcci\u00f3n, bajo la direcci\u00f3n de la Arquitecta Mar\u00eda G\u00f3mez, de ascendencia Danesa-Espa\u00f1ola y la Decoradora de Interiores, tambi\u00e9n danesa, Malene Hasse y la colaboraci\u00f3n de artesanos granadinos. Les gust\u00f3 tanto su obra. La familie\u00a0vivi\u00f3 tres a\u00f1os en Nicaragua y el 1.04.2011 abri\u00f3 sus puertas inaugurado Hotel Los Patios.\u00a0Ingeborg administra con el apoyo de un adiestrado personal.<\/td>\n<td valign=\"top\" width=\"332\" height=\"181\"><img loading=\"lazy\" decoding=\"async\" class=\"alignnone wp-image-14074\" src=\"http:\/\/nicaragua-travel-guide.com\/site\/wp-content\/uploads\/2016\/07\/hotelospatiosacercadeuno.png\" alt=\"hotelospatiosacercadeuno\" width=\"330\" height=\"217\" \/><\/td>\n<\/tr>\n<tr>\n<td height=\"114\"><\/td>\n<\/tr>\n<\/tbody>\n<\/table>\n<\/td>\n<\/tr>\n<tr style=\"height: 27px;\">\n<td style=\"width: 747.236px; height: 27px;\" bgcolor=\"#FF0000\">Compromiso Social<\/td>\n<\/tr>\n<tr style=\"height: 280px;\">\n<td style=\"width: 747.236px; height: 280px;\" valign=\"top\" bgcolor=\"#0000FF\">\n<table style=\"width: 794px;\" border=\"0\">\n<tbody>\n<tr>\n<td style=\"width: 448px;\" rowspan=\"2\" valign=\"top\">Aparte de su labor administrativa en el hotel, Ingeborg est\u00e1 involucrada en trabajos humanitarios. Ha organizado un grupo de se\u00f1oras de la comunidad de Ticuantepe, a donde viaja semanalmente a dirigir la fabricaci\u00f3n de cestas de papel peri\u00f3dico, que ella recoge de varias Embajadas, con la colaboraci\u00f3n de la Organizaci\u00f3n c\u00edvica conocida como \u00abDamas Diplom\u00e1ticas\u00bb.<\/p>\n<p>Las lindas cestas se venden en \u00abLos Patios Hotel\u00bb, as\u00ed como en tiendas selectas de Granada y Managua. Tambi\u00e9n ofreceremos visitas a Ticuantepe, para conocer y apreciar la labor de estas se\u00f1oras.<\/td>\n<td style=\"width: 334px;\"><img loading=\"lazy\" decoding=\"async\" class=\"alignnone wp-image-14084\" src=\"http:\/\/nicaragua-travel-guide.com\/site\/wp-content\/uploads\/2016\/07\/hotelospatioscompromisosocial.jpg\" alt=\"hotelospatioscompromisosocial\" width=\"329\" height=\"216\" \/><\/td>\n<\/tr>\n<tr>\n<td style=\"width: 334px;\"><\/td>\n<\/tr>\n<\/tbody>\n<\/table>\n<\/td>\n<\/tr>\n<tr style=\"height: 21px;\">\n<td style=\"width: 747.236px; height: 21px;\" bgcolor=\"#FF0000\">Por mayor informacion y reservacion \u00a0<strong>Contactarnos<\/strong><\/td>\n<\/tr>\n<\/tbody>\n<\/table>\n","protected":false},"excerpt":{"rendered":"<p>\u00a0 Bienvenidos *Nuestra Misi\u00f3n *Precio de las Habitaciones Acerca de Nosotros *Compromiso Social El Dise\u00f1o *Concepto de Dise\u00f1o *El Interior *Exteriores *Tarifas Interior -Habitaciones Servicios *\u00c1rea de spa Galer\u00eda Cont\u00e1ctenos Acerca de Nosotros Los due\u00f1os daneses, Erik e Ingeborg, se enamoraron de este terreno y lo compraron en Noviembre del a\u00f1o 2007, un poco antes [&hellip;]<\/p>\n","protected":false},"author":2,"featured_media":0,"parent":0,"menu_order":0,"comment_status":"closed","ping_status":"closed","template":"","meta":{"footnotes":""},"_links":{"self":[{"href":"https:\/\/nicaragua-travel-guide.com\/site\/wp-json\/wp\/v2\/pages\/8530"}],"collection":[{"href":"https:\/\/nicaragua-travel-guide.com\/site\/wp-json\/wp\/v2\/pages"}],"about":[{"href":"https:\/\/nicaragua-travel-guide.com\/site\/wp-json\/wp\/v2\/types\/page"}],"author":[{"embeddable":true,"href":"https:\/\/nicaragua-travel-guide.com\/site\/wp-json\/wp\/v2\/users\/2"}],"replies":[{"embeddable":true,"href":"https:\/\/nicaragua-travel-guide.com\/site\/wp-json\/wp\/v2\/comments?post=8530"}],"version-history":[{"count":19,"href":"https:\/\/nicaragua-travel-guide.com\/site\/wp-json\/wp\/v2\/pages\/8530\/revisions"}],"predecessor-version":[{"id":14106,"href":"https:\/\/nicaragua-travel-guide.com\/site\/wp-json\/wp\/v2\/pages\/8530\/revisions\/14106"}],"wp:attachment":[{"href":"https:\/\/nicaragua-travel-guide.com\/site\/wp-json\/wp\/v2\/media?parent=8530"}],"curies":[{"name":"wp","href":"https:\/\/api.w.org\/{rel}","templated":true}]}}