{"id":9950,"date":"2016-08-03T19:37:26","date_gmt":"2016-08-03T19:37:26","guid":{"rendered":"http:\/\/nicaragua-travel-guide.com\/site\/?page_id=9950"},"modified":"2016-08-20T19:12:08","modified_gmt":"2016-08-20T19:12:08","slug":"cantante-profesional-para-ceremonia-religiosa-en-la-iglesia-boda-en-cualquier-iglesia-de-nicaragua-y-en-el-exterior","status":"publish","type":"page","link":"https:\/\/nicaragua-travel-guide.com\/site\/cantante-profesional-para-ceremonia-religiosa-en-la-iglesia-boda-en-cualquier-iglesia-de-nicaragua-y-en-el-exterior\/","title":{"rendered":"Cantante \u00abCeremonia religiosa en la Iglesia\u00bb Boda"},"content":{"rendered":"<table style=\"width: 889px;\" border=\"0\">\n<tbody>\n<tr style=\"height: 5.666667938232422px;\">\n<td style=\"height: 5.666667938232422px; width: 878px;\" colspan=\"2\"><img loading=\"lazy\" decoding=\"async\" class=\"alignnone size-full wp-image-11744\" src=\"http:\/\/nicaragua-travel-guide.com\/site\/wp-content\/uploads\/2016\/08\/Canto-en-boda-en-Iglesia-con-acompa\u00f1amiento-musical-en-vivo-paquete-con-regalo-incluido.jpg\" alt=\"Canto en boda en Iglesia con acompa\u00f1amiento musical en vivo paquete con regalo incluido\" width=\"1025\" height=\"345\" srcset=\"https:\/\/nicaragua-travel-guide.com\/site\/wp-content\/uploads\/2016\/08\/Canto-en-boda-en-Iglesia-con-acompa\u00f1amiento-musical-en-vivo-paquete-con-regalo-incluido.jpg 1025w, https:\/\/nicaragua-travel-guide.com\/site\/wp-content\/uploads\/2016\/08\/Canto-en-boda-en-Iglesia-con-acompa\u00f1amiento-musical-en-vivo-paquete-con-regalo-incluido-600x202.jpg 600w\" sizes=\"(max-width: 1025px) 100vw, 1025px\" \/><\/td>\n<\/tr>\n<tr style=\"height: 22px;\">\n<td style=\"height: 22px; background-color: #f5a442; width: 878px;\" colspan=\"2\" bgcolor=\"#FFCC99\"><strong>Acompa\u00f1amiento\u00a0en evento especial: \u00a0 \u00a0 \u00a0 \u00a0 \u00a0 \u00a0 \u00a0 \u00a0 \u00a0 \u00a0 \u00a0 \u00a0 \u00a0 \u00a0 \u00a0 \u00a0 \u00a0 \u00a0 \u00a0 \u00a0 \u00a0 \u00a0 \u00a0 \u00a0 \u00a0 \u00a0<\/strong><strong>Organizamos el repertorio a su elecci\u00f3n:<\/strong><\/td>\n<\/tr>\n<tr style=\"height: 286px;\">\n<td style=\"height: 286px; background-color: #faedd2; width: 488.66668701171875px;\" valign=\"top\" bgcolor=\"#FFFFCC\">Plan b\u00e1sico con una voz cantante soprano con experiencia en el canto l\u00edrico en eventos especiales proponiendo el repertorio a su\u00a0elecci\u00f3n\u00a0con los instrumentos que acompa\u00f1ar\u00e1n al cantar en el evento.<\/p>\n<p>&nbsp;<\/p>\n<ul>\n<li>Acompa\u00f1amiento:<\/li>\n<li>Conjunto de Guitarras<\/li>\n<li>Piano \/teclado\u00a0electr\u00f3nico<\/li>\n<li>Piano y Viol\u00edn<\/li>\n<li>Orquesta filarm\u00f3nica \/Camerata<\/li>\n<li>Mariachis<\/li>\n<\/ul>\n<\/td>\n<td style=\"height: 286px; background-color: #faefdc; width: 389.33331298828125px;\" valign=\"top\" bgcolor=\"#FFCC99\">Con nuestro servicio para:<\/p>\n<p>&nbsp;<\/p>\n<ul>\n<li>Ceremonias Religiosas<\/li>\n<li>Boda<\/li>\n<li>Bautizo<\/li>\n<li>Primera comuni\u00f3n<\/li>\n<li>Quincea\u00f1o<\/li>\n<li>Graduaci\u00f3n<\/li>\n<li>Aniversario<\/li>\n<li>Funeral<\/li>\n<li>Graduaci\u00f3n<\/li>\n<\/ul>\n<\/td>\n<\/tr>\n<tr style=\"height: 125px;\">\n<td style=\"height: 125px; width: 878px;\" colspan=\"2\" valign=\"top\">Ceremonia amenizada con m\u00fasica instrumental y con voz para cantar, interpretando piezas lit\u00fargicas tradicionales, si prefiere su tema musical favorito con arreglo\u00a0especial.<\/p>\n<p>&nbsp;<\/p>\n<p>&nbsp;<\/p>\n<p>El precio var\u00eda dependiedo de la selecci\u00f3n y por viajes fuera de nuestro per\u00edmetro urbano, podemos asistir a su evento en cualquier otra ciudad o pa\u00eds, si lo solicitan.<\/td>\n<\/tr>\n<tr style=\"height: 25px;\">\n<td style=\"height: 25px; width: 878px; background-color: #f5a442;\" colspan=\"2\" bgcolor=\"#FFFFCC\">Por mayor informaci\u00f3n y reservacion \u00a0Contactar : \u00a0Tel: 505 2552 2876 \u00a0 \u00a0 \u00a0 \u00a0 \u00a0 \u00a0 Granada \u00a0Cel:8967 3197 M<\/td>\n<\/tr>\n<\/tbody>\n<\/table>\n","protected":false},"excerpt":{"rendered":"<p>Acompa\u00f1amiento\u00a0en evento especial: \u00a0 \u00a0 \u00a0 \u00a0 \u00a0 \u00a0 \u00a0 \u00a0 \u00a0 \u00a0 \u00a0 \u00a0 \u00a0 \u00a0 \u00a0 \u00a0 \u00a0 \u00a0 \u00a0 \u00a0 \u00a0 \u00a0 \u00a0 \u00a0 \u00a0 \u00a0Organizamos el repertorio a su elecci\u00f3n: Plan b\u00e1sico con una voz cantante soprano con experiencia en el canto l\u00edrico en eventos especiales proponiendo el repertorio a su\u00a0elecci\u00f3n\u00a0con [&hellip;]<\/p>\n","protected":false},"author":2,"featured_media":0,"parent":0,"menu_order":0,"comment_status":"closed","ping_status":"closed","template":"","meta":{"footnotes":""},"_links":{"self":[{"href":"https:\/\/nicaragua-travel-guide.com\/site\/wp-json\/wp\/v2\/pages\/9950"}],"collection":[{"href":"https:\/\/nicaragua-travel-guide.com\/site\/wp-json\/wp\/v2\/pages"}],"about":[{"href":"https:\/\/nicaragua-travel-guide.com\/site\/wp-json\/wp\/v2\/types\/page"}],"author":[{"embeddable":true,"href":"https:\/\/nicaragua-travel-guide.com\/site\/wp-json\/wp\/v2\/users\/2"}],"replies":[{"embeddable":true,"href":"https:\/\/nicaragua-travel-guide.com\/site\/wp-json\/wp\/v2\/comments?post=9950"}],"version-history":[{"count":8,"href":"https:\/\/nicaragua-travel-guide.com\/site\/wp-json\/wp\/v2\/pages\/9950\/revisions"}],"predecessor-version":[{"id":11750,"href":"https:\/\/nicaragua-travel-guide.com\/site\/wp-json\/wp\/v2\/pages\/9950\/revisions\/11750"}],"wp:attachment":[{"href":"https:\/\/nicaragua-travel-guide.com\/site\/wp-json\/wp\/v2\/media?parent=9950"}],"curies":[{"name":"wp","href":"https:\/\/api.w.org\/{rel}","templated":true}]}}